{"id":3374,"date":"2026-01-08T20:33:41","date_gmt":"2026-01-08T20:33:41","guid":{"rendered":"https:\/\/cful.letras.ulisboa.pt\/praxis\/?page_id=3374"},"modified":"2026-04-22T18:35:52","modified_gmt":"2026-04-22T17:35:52","slug":"outreach","status":"publish","type":"page","link":"https:\/\/cful.letras.ulisboa.pt\/praxis\/outreach\/","title":{"rendered":"Outreach"},"content":{"rendered":"<p><img loading=\"lazy\" decoding=\"async\" class=\"aligncenter size-large wp-image-3381\" src=\"https:\/\/cful.letras.ulisboa.pt\/praxis\/wp-content\/uploads\/sites\/4\/2026\/01\/praxis-on-the-street-1024x726.png\" alt=\"\" width=\"640\" height=\"454\" srcset=\"https:\/\/cful.letras.ulisboa.pt\/praxis\/wp-content\/uploads\/sites\/4\/2026\/01\/praxis-on-the-street-1024x726.png 1024w, https:\/\/cful.letras.ulisboa.pt\/praxis\/wp-content\/uploads\/sites\/4\/2026\/01\/praxis-on-the-street-300x213.png 300w, https:\/\/cful.letras.ulisboa.pt\/praxis\/wp-content\/uploads\/sites\/4\/2026\/01\/praxis-on-the-street-768x545.png 768w, https:\/\/cful.letras.ulisboa.pt\/praxis\/wp-content\/uploads\/sites\/4\/2026\/01\/praxis-on-the-street-1536x1090.png 1536w, https:\/\/cful.letras.ulisboa.pt\/praxis\/wp-content\/uploads\/sites\/4\/2026\/01\/praxis-on-the-street.png 1748w\" sizes=\"auto, (max-width: 640px) 100vw, 640px\" \/><\/p>\n<p>&nbsp;<\/p>\n<p><strong><em>Praxis on the street<\/em><\/strong> is an initiative to strengthen the exchange between academic research developed within the framework of Praxis-CFUL and the broader public, recognizing knowledge production as a two-way process rather than a unidirectional transfer. It is grounded in the idea that the university has a social responsibility not only to produce research but also to engage in dialogue with society, remaining attentive to social experiences, conflicts, and forms of practical knowledge that emerge outside academic spaces. By promoting the circulation of ideas beyond institutional boundaries, the initiative seeks to foster mutual learning, enrich research agendas through public interaction, and contribute to the democratization of knowledge. All are welcome to join!<\/p>\n<p>&nbsp;<\/p>\n<h4>2025-2026, 2nd semester<\/h4>\n<p><a href=\"https:\/\/cful.letras.ulisboa.pt\/praxis\/events\/lancamento-direito-as-coisas-belas\/\">Lan\u00e7amento do livro <em>O direito \u00e0s coisas belas<\/em><\/a>, de Juan Evaristo Valls Boix (em parceria com a Casa do Comum)<\/p>\n<p><a href=\"https:\/\/cful.letras.ulisboa.pt\/praxis\/philosophy-against-fascism\/\"><em>Philosophy Against Fascism: A Monthly Event Series<\/em><\/a> (in partnership with Livraria Tigre de Papel)<\/p>\n<p>&nbsp;<\/p>\n<p>&nbsp;<\/p>\n<p><em>This event is funded by Portuguese national funds through FCT \u2013 Funda\u00e7\u00e3o para a Ci\u00eancia e a Tecnologia, I.P., within the project UID\/00310, Centro de Filosofia da Universidade de Lisboa.<\/em><\/p>\n","protected":false},"excerpt":{"rendered":"<p>&nbsp; Praxis on the street is an initiative to strengthen the exchange between academic research developed within the framework of Praxis-CFUL and the broader public, recognizing knowledge production as a two-way process rather than a unidirectional transfer. It is grounded in the idea that the university has a social responsibility not only to produce research [&hellip;]<\/p>\n","protected":false},"author":2,"featured_media":0,"parent":0,"menu_order":0,"comment_status":"closed","ping_status":"closed","template":"","meta":{"activitypub_content_warning":"","activitypub_content_visibility":"local","activitypub_max_image_attachments":4,"activitypub_interaction_policy_quote":"anyone","activitypub_status":"","footnotes":""},"class_list":["post-3374","page","type-page","status-publish","hentry"],"_links":{"self":[{"href":"https:\/\/cful.letras.ulisboa.pt\/praxis\/wp-json\/wp\/v2\/pages\/3374","targetHints":{"allow":["GET"]}}],"collection":[{"href":"https:\/\/cful.letras.ulisboa.pt\/praxis\/wp-json\/wp\/v2\/pages"}],"about":[{"href":"https:\/\/cful.letras.ulisboa.pt\/praxis\/wp-json\/wp\/v2\/types\/page"}],"author":[{"embeddable":true,"href":"https:\/\/cful.letras.ulisboa.pt\/praxis\/wp-json\/wp\/v2\/users\/2"}],"replies":[{"embeddable":true,"href":"https:\/\/cful.letras.ulisboa.pt\/praxis\/wp-json\/wp\/v2\/comments?post=3374"}],"version-history":[{"count":2,"href":"https:\/\/cful.letras.ulisboa.pt\/praxis\/wp-json\/wp\/v2\/pages\/3374\/revisions"}],"predecessor-version":[{"id":3619,"href":"https:\/\/cful.letras.ulisboa.pt\/praxis\/wp-json\/wp\/v2\/pages\/3374\/revisions\/3619"}],"wp:attachment":[{"href":"https:\/\/cful.letras.ulisboa.pt\/praxis\/wp-json\/wp\/v2\/media?parent=3374"}],"curies":[{"name":"wp","href":"https:\/\/api.w.org\/{rel}","templated":true}]}}