{"id":3068,"date":"2025-02-16T19:11:52","date_gmt":"2025-02-16T19:11:52","guid":{"rendered":"https:\/\/cful.letras.ulisboa.pt\/praxis\/?page_id=3068"},"modified":"2026-03-29T18:30:18","modified_gmt":"2026-03-29T17:30:18","slug":"praxis-in-process","status":"publish","type":"page","link":"https:\/\/cful.letras.ulisboa.pt\/praxis\/programme\/praxis-in-process\/","title":{"rendered":"Praxis-in-Process"},"content":{"rendered":"<p><img loading=\"lazy\" decoding=\"async\" class=\"aligncenter wp-image-3171 size-large\" src=\"https:\/\/cful.letras.ulisboa.pt\/praxis\/wp-content\/uploads\/sites\/4\/2025\/03\/Praxis.in_.Process_a-1024x849.jpg\" alt=\"\" width=\"640\" height=\"531\" srcset=\"https:\/\/cful.letras.ulisboa.pt\/praxis\/wp-content\/uploads\/sites\/4\/2025\/03\/Praxis.in_.Process_a-1024x849.jpg 1024w, https:\/\/cful.letras.ulisboa.pt\/praxis\/wp-content\/uploads\/sites\/4\/2025\/03\/Praxis.in_.Process_a-300x249.jpg 300w, https:\/\/cful.letras.ulisboa.pt\/praxis\/wp-content\/uploads\/sites\/4\/2025\/03\/Praxis.in_.Process_a-768x637.jpg 768w, https:\/\/cful.letras.ulisboa.pt\/praxis\/wp-content\/uploads\/sites\/4\/2025\/03\/Praxis.in_.Process_a-1536x1274.jpg 1536w, https:\/\/cful.letras.ulisboa.pt\/praxis\/wp-content\/uploads\/sites\/4\/2025\/03\/Praxis.in_.Process_a-2048x1699.jpg 2048w\" sizes=\"auto, (max-width: 640px) 100vw, 640px\" \/><\/p>\n<p>&nbsp;<\/p>\n<p>&nbsp;<\/p>\n<p><strong><em>Praxis-in-Process<\/em><\/strong> is a research seminar designed as a collaborative space for researchers at all career stages \u2013 from Master&#8217;s and PhD students to junior and senior researchers \u2013 to present their current work. Sessions are held at least once a month, on Tuesdays from 3:00 to 4:30, and feature a paper presentation (around 30-40 minutes) of a work in progress \u2013 thesis chapter, article draft, research grant application \u2013, followed by a discussion in a relaxed, stimulating environment. We welcome topics spanning the broad spectrum of practical philosophy and related fields, with a focus on theories and methodologies within the continental tradition (see our <a href=\"http:\/\/cful.letras.ulisboa.pt\/praxis\/about-praxis\/\">About Praxis<\/a> section).<\/p>\n<p>&nbsp;<\/p>\n<h4 style=\"text-align: center;\">Attendance is free and open to the public<\/h4>\n<p>&nbsp;<\/p>\n<h6>Upcoming sessions (on Tuesdays, 3:00 &#8211; 4:30 p.m.):<\/h6>\n<p>&nbsp;<\/p>\n<p><strong>Session 6<\/strong> | 14 April 2026<\/p>\n<p><a href=\"https:\/\/buscatextual.cnpq.br\/buscatextual\/visualizacv.do?id=K4498310Z9&amp;tokenCaptchar=0cAFcWeA4QXm0WbyygIDPpcTtVw-OwOhMZkQc1QBIttjqU0yzIa6adPywoV9uHwc89QTHXrO0W31dNbwSwOmPKPCZJjFZExHclf-d-qWjhHJQHs3YZ7LlCSHdk6aGyLiUobjTe7itgBQUzOT40bSJ6UTSrbprAow4n2KVvss-w6Z3qzcErAZf4ooyiWtDyvX0NRh-9bUuTqwZS_nHJFI4PHw8hcGO9qJ0uMjSiU4OqTnnrj7upOggbor_DbJmZeOJss6DXFSAUnRaPUXUjXKPYJ8WXcPG26k8SFU_WWSg7T0tPDwiY1dijcYduuKW6KZaE_xMRBDWLOt3OBkN-KiDkOwQCO3aWF9WlUUsDK5ypdbGx9A-4j1azJY2QP-E2fSFsq81R9hF7vuyXTPQf32Id9lIDHgWkpCpQDnzDel_Ym4B9q_tr5xBjsXwF9ILR_1xsdqT1qpP_Rvf7ijeUUBzCLlp0p-gvN_TlmFvIC9pSLZfGcRXjDvNkbmNUPT9g7mSF_l--6spiGQJEjeUB70-K9fkSD7NKzoxCLTuerYMmobZduJRsDfrQ0UIKrR23_liAcTwv29gGhxTKQNrptkRA_-rfNnJN1XqltTOWOx5zbszwiedYgZK1AhBRl9xki2M5yx3rbKwig7l3AkZYOJUkfC5H5WnawrC3swdqPCtRMDl1vykVG8958FCflTo2apqjXH_XrbVQwR82uMH9uaBCAo9C4IC-atraq1PBnzrgBa4b2TP5OY1u8FP-1NIVXHTL1ljCluz--_94NkIKZksXJavdVaT09ipDs5kOt6AkhanaehET41HPG4z70YEFX8yqPNSuOyg5sG8OTCCFzQWrYcBbR-uEi41PLN0KkSs31Ivxscz0ujCW6w5M0s9N4G3xeJ6PeVz5VOdSs4SrlPNzjW6VpiNNvPyzV6IgRdeUQcRK-PiUD8JnpPrcYETlM4fj3EI_Rikixwo-DTxUM7GtAtDAUyjY7xW51M8h24-5nTVm4-WQBQLO-e6yHCiX4isGKA-qHaSUJGyLOYi_T7DUs3AZUpkJpeAIQd8r6GF52_gkLEmrgnqwig4fH0tdm1XtDMb4Mwon863H0-_yZpZM3rofTrPZjUQQfBjwz6Rqg7EJxHtMDAC7ULvGdPXd76Neh7vc3FZSL88iiOWPk2T_3pcIcr7V-cgdwRXgXsuFfOvptARmMaqUE57PBL2pY1CMpfVDXT3Fn7KkPq7yNv7ELODt4y6eyvt3SV11dnE9tTsSUkAN_5r8FNOB3ZGLiFTbYDYDSwJ_yBLaZ_7ob0hRaqzhtg-6QDkIpo_G-Bcc9vkrBltycl1uhrb0-OvDCpcFxtm3a_po8vtbQIqCBP3F1UzRblZO0YGkwoT-aY9DEP_0p5AK17bmkLEvMwXj7SgW4E_zTzCvKOPFm6dddF-Q8aRob2670pkWlLAQS45QoT3Y8urAoR0djPlCSwZQiOHcAuZTdBWk4r0Wjc7Ae84pW6tqZUqC_OVrGF9dFDyyWAgkdiip67r919mbNnIAkSddDeGYNUVD3Zom5PTXXbklIAs2PpVYZbCIH9hpAQ0m89Mrg-ih-rqrHPZlBCujsoVwuqOUNVMW2E_vJi7fad67-GyWMeTRPXF-SlvTdgOmklJXcR2noYLTB7INDfEymFQkBJWnQh8TpkiWtwqsbC8Xwy2PLt2LRCypmtkeo1wmlS1cwhX7oPVdFmd3FdO_MIM1IE6k4q-WG9k5IGcOZZ_FNp7JUyTtxq1UTXvvUAZHn8xFpMd7NMQMzu2oyql_8qiMXk3pn2w3NpoFN6on_3kLIiqj9mxkeygqA3LZM_7v6O16qPEmSxRSGMmmqitofkvSBBy2aWfflRDff9uep-ZuClmOnQmqLjpH3S3H1Km7bMABO96lRnAMQTrYaETlJZ8k9PEvj8Q9BnaASY2ww3Xxkcaoa7k8Tn98okbKDTmRUWgMw7M9Ijg0S-arDGWEVaFVRl49AjHCAUv7Kd91JzyGnYDaw3fVHajhaldZPDTaITJtomVFOAhloCJiD-8X1jt3Z2BK6OQ2UqEu1asihkWp0fG5l6vDT7NygIe4HY9KAk9KdmQYHdrxSZGyV5wAKapMTvHNmuY7-fuYqQhaq97Bx1DNCrEWPTTYOzSic43qkR2ldwpS4LzZxE1IAhTO1720XXxYPFB7cb7A4OKImxWNkxSxVGNGEJi8jDq9HksQf-j7vLxCn4JHNKuYpHIhC4lSJQW0cA0jNvAT_4_82ZIWIaOFbFiUVjwY7y5PSG4z3054-BFvCpUVML-07TwDRdHA58PVEiV3mS4rzwSNobFMrPIb7aQB2Q10CO3RHXbIG4fxmBkKVPNeJX4xWsF6slMhS8IUUD5hQSRS\">Guilherme Maschke<\/a> (Universidade Federal do Rio Grande do Sul \/ Visiting Scholar at Praxis-CFUL)<\/p>\n<p><em>Workers and Citizens: From the Forgetfulness of Recognition to Democratic Citizenship in Axel Honneth<\/em><\/p>\n<p>&nbsp;<\/p>\n<p><strong>Session 7<\/strong>\u00a0| 28 April 2026<\/p>\n<p><a href=\"https:\/\/cful.letras.ulisboa.pt\/praxis\/people\/antonio-oraldi\/\">Antonio Oraldi<\/a> (Praxis-CFUL)<\/p>\n<p><em>The Critique of Technology in Marcuse and Simondon<\/em><\/p>\n<p>&nbsp;<\/p>\n<p><strong>Session 8<\/strong> | 12 May 2026<\/p>\n<p><a href=\"https:\/\/philpeople.org\/profiles\/marco-rienzi\">Marco Rienzi<\/a> (Vita-Salute San Raffaele University \/ Visiting Scholar at Praxis-CFUL)<\/p>\n<p><em>Beyond the Nature-Culture Dualism: Hegel and Contemporary Ecological Thought<\/em><\/p>\n<p>&nbsp;<\/p>\n<p><strong>Session 9<\/strong>\u00a0| 26 May 2026<\/p>\n<p><a href=\"https:\/\/cful.letras.ulisboa.pt\/praxis\/people\/maria-manuel-guerreiro\/\">Maria Guerreiro<\/a> (Praxis-CFUL)<\/p>\n<p><em>Arte e Linhas de Fuga \u00e0 Sociedade de Controlo<\/em> (em Portugu\u00eas)<\/p>\n<p>&nbsp;<\/p>\n<hr \/>\n<h6>Past sessions:<\/h6>\n<p>&nbsp;<\/p>\n<p><strong>Session 1<\/strong>\u00a0| 9 December 2025<\/p>\n<p><a href=\"https:\/\/cful.letras.ulisboa.pt\/praxis\/people\/zach-tailor\/\">Zach Tailor<\/a> (Praxis-CFUL)<\/p>\n<p>&nbsp;<\/p>\n<p><strong>Session 2<\/strong>\u00a0| 16 December 2025<\/p>\n<p><a href=\"https:\/\/cful.letras.ulisboa.pt\/praxis\/people\/silvia-locatelli\/\">Silvia Locatelli<\/a> (Praxis-CFUL)<\/p>\n<p>&nbsp;<\/p>\n<p><strong>Session 3<\/strong>\u00a0| 24 February 2026<\/p>\n<p><a href=\"https:\/\/cful.letras.ulisboa.pt\/praxis\/people\/sara-vieira-romao\/\">Sara Rom\u00e3o<\/a> (Praxis-CFUL)<\/p>\n<p><em>Do espa\u00e7o vivenciado \u00e0 atmosfera afetiva: Uma reconstru\u00e7\u00e3o do projeto filos\u00f3fico-pedag\u00f3gico de Otto Friedrich Bollnow<\/em><\/p>\n<p>&nbsp;<\/p>\n<p><strong>Session 4<\/strong> | 10 March 2026<\/p>\n<p><a href=\"http:\/\/lattes.cnpq.br\/1330169860154942\">Fabio Nienov<\/a> (Universidade Federal do Rio de Janeiro \/ Visiting Scholar at Praxis-CFUL)<\/p>\n<p><em>Feias Cidades: Uma reflex\u00e3o sobre as cidades a partir da categoria est\u00e9tica da feiura<\/em> (em Portugu\u00eas)<\/p>\n<p>&nbsp;<\/p>\n<p><strong>Session 5<\/strong>\u00a0| 24 March 2026<\/p>\n<p><a href=\"https:\/\/cful.letras.ulisboa.pt\/praxis\/people\/gil-peixoto\/\">Gil Peixoto<\/a> (Praxis-CFUL)<\/p>\n<p><em>Nietzsche on life as an aesthetic phenomenon through the lens of the eternal recurrence<\/em><\/p>\n<p>&nbsp;<\/p>\n<p>&nbsp;<\/p>\n<hr \/>\n<p>&nbsp;<\/p>\n<p><a href=\"https:\/\/cful.letras.ulisboa.pt\/praxis\/events\/praxis-in-process-2024-25\/\">Praxis-in-Process 2024\/25<\/a><\/p>\n<p><a href=\"https:\/\/cful.letras.ulisboa.pt\/praxis\/events\/praxis-in-progress-before\/\">Former editions<\/a><\/p>\n<p>&nbsp;<\/p>\n<p>&nbsp;<\/p>\n<p>&nbsp;<\/p>\n","protected":false},"excerpt":{"rendered":"<p>&nbsp; &nbsp; Praxis-in-Process is a research seminar designed as a collaborative space for researchers at all career stages \u2013 from Master&#8217;s and PhD students to junior and senior researchers \u2013 to present their current work. Sessions are held at least once a month, on Tuesdays from 3:00 to 4:30, and feature a paper presentation (around [&hellip;]<\/p>\n","protected":false},"author":2,"featured_media":0,"parent":3070,"menu_order":2,"comment_status":"closed","ping_status":"closed","template":"","meta":{"activitypub_content_warning":"","activitypub_content_visibility":"local","activitypub_max_image_attachments":4,"activitypub_interaction_policy_quote":"anyone","activitypub_status":"","footnotes":""},"class_list":["post-3068","page","type-page","status-publish","hentry"],"_links":{"self":[{"href":"https:\/\/cful.letras.ulisboa.pt\/praxis\/wp-json\/wp\/v2\/pages\/3068","targetHints":{"allow":["GET"]}}],"collection":[{"href":"https:\/\/cful.letras.ulisboa.pt\/praxis\/wp-json\/wp\/v2\/pages"}],"about":[{"href":"https:\/\/cful.letras.ulisboa.pt\/praxis\/wp-json\/wp\/v2\/types\/page"}],"author":[{"embeddable":true,"href":"https:\/\/cful.letras.ulisboa.pt\/praxis\/wp-json\/wp\/v2\/users\/2"}],"replies":[{"embeddable":true,"href":"https:\/\/cful.letras.ulisboa.pt\/praxis\/wp-json\/wp\/v2\/comments?post=3068"}],"version-history":[{"count":2,"href":"https:\/\/cful.letras.ulisboa.pt\/praxis\/wp-json\/wp\/v2\/pages\/3068\/revisions"}],"predecessor-version":[{"id":3591,"href":"https:\/\/cful.letras.ulisboa.pt\/praxis\/wp-json\/wp\/v2\/pages\/3068\/revisions\/3591"}],"up":[{"embeddable":true,"href":"https:\/\/cful.letras.ulisboa.pt\/praxis\/wp-json\/wp\/v2\/pages\/3070"}],"wp:attachment":[{"href":"https:\/\/cful.letras.ulisboa.pt\/praxis\/wp-json\/wp\/v2\/media?parent=3068"}],"curies":[{"name":"wp","href":"https:\/\/api.w.org\/{rel}","templated":true}]}}