{"id":10,"date":"2015-11-23T06:35:12","date_gmt":"2015-11-23T06:35:12","guid":{"rendered":"http:\/\/cful.letras.ulisboa.pt\/lancog\/?page_id=10"},"modified":"2021-11-25T11:31:01","modified_gmt":"2021-11-25T11:31:01","slug":"about-lancog","status":"publish","type":"page","link":"https:\/\/cful.letras.ulisboa.pt\/lancog\/about-lancog\/","title":{"rendered":"About Lancog"},"content":{"rendered":"<p><strong>Group Coordinator:<\/strong> <a href=\"http:\/\/cful.letras.ulisboa.pt\/people\/ricardo-santos\/\">Ricardo Santos<\/a><\/p>\n<p>&nbsp;<\/p>\n<h4>Presentation<\/h4>\n<p>The main aim of the LanCog Group is to carry out high quality research on central philosophical problems about the nature of language, mind and cognition.<\/p>\n<p>Our activity is guided by the standards of analytic philosophy, a tradition whose distinctive traits are the clarity and rigour deployed in formulating problems and arguments, and the focus on public discussion and critical examination of ideas.<\/p>\n<p>Our research covers topics on Philosophy of Language, Logic and Philosophical Logic, Philosophy of Mind and Epistemology, and also with related issues in adjacent domains like Metaphysics and Metaethics, as well as issues in the intersection of Philosophy and other disciplines in the multidisciplinary field of Cognitive Science, such as Computer Science, Linguistics, Cognitive Psychology and Neuroscience.<\/p>\n<p>&nbsp;<\/p>\n<h4><strong>History<\/strong><\/h4>\n<div>\n<p>The history of LanCog can be traced to the early nineties, when Jo\u00e3o Branquinho came back from his doctoral studies at Oxford, as he began to put together a number of informal meetings that would eventually become the Seminar Series in Analytic Philosophy.<\/p>\n<p>Among the early regular attendants were M. S. Louren\u00e7o, Jo\u00e3o Branquinho, Ant\u00f3nio Franco Alexandre, Adriana Silva Gra\u00e7a, Ant\u00f3nio Zilh\u00e3o, Fernando Ferreira, Jo\u00e3o S\u00e0\u00e1gua, Teresa Marques, Pedro Santos, Ricardo Santos, Pedro Galv\u00e3o, Ant\u00f3nio Branco, Desid\u00e9rio Murcho, Sara Bizarro, Ana Domingues, Miguel Fonseca, Lu\u00eds Bettencourt, Jo\u00e3o Paulo Monteiro, and Ant\u00f3nio Lopes, and, later,\u00a0C\u00e9lia Teixeira, Aires Almeida, Isabel G\u00f3is and Fernando Janeiro.<\/p>\n<p>The first meeting took place in May 1991 at the Faculty of Letters of the University of Lisbon in Anfiteatro II. Timothy Williamson read a paper titled \u201cThe early history of the Sorites paradoxes\u201d, later published in Argumento III (5\/6): 35-44 (1993). The talk is mentioned in Williamson\u2019s Preface to his Vagueness (1994: xiii). Williamson gave a second lecture at the Portuguese Philosophical Society (SPF), \u201cInexact Knowledge\u201d. Both venues would be kept for future gatherings.<\/p>\n<p>Throughout the decade, the activities of the informal group would merge with those of the Master\u2019s in Philosophy of Language and Consciousness, and with those of the SPF project Gloss\u00e1rio L\u00f3gico-Filos\u00f3fico (1994-1998). The latter would culminate in the publication of the Enciclop\u00e9dia de Termos L\u00f3gico-Filos\u00f3ficos (Gradiva, 2001).<\/p>\n<p><a href=\"https:\/\/www.sciendo.com\/journal\/DISP\" target=\"_blank\" rel=\"noopener\">Disputatio<\/a>\u00a0was founded in 1996 by Jo\u00e3o Branquinho, Fernando Ferreira, M.S. Louren\u00e7o and Jo\u00e3o S\u00e0\u00e1gua. It was published by the Portuguese Philosophical Society until 2004. Former editors include M.S. Louren\u00e7o, Jo\u00e3o Branquinho, Teresa Marques and C\u00e9lia Teixeira. Since 2017, the journal has been jointly edited by Ricardo Santos and Elia Zardini..<\/p>\n<p>In 1998, Hilary Putnam delivered the first Petrus Hispanus Lectures. Putnam would be followed by Richard Jeffrey (2000), Ned Block (2003), Daniel Dennett (2004), David Kaplan (2006), Tyler Burge (2009), Timothy Williamson (2012), Susan Carey (2014), and David Chalmers (2016).<\/p>\n<p>In 2002, the group joined the Centre of Philosophy\u00a0of the University of Lisbon and finally became known as LanCog \u2013 Language, Mind and Cognition.<\/p>\n<p>The Seminar Series in Analytic Philosophy (SFA, Semin\u00e1rio de Filosofia Anal\u00edtica) was officially established in 2002-2003. Here is an <a href=\"http:\/\/cful.letras.ulisboa.pt\/lancog\/wp-content\/uploads\/sites\/3\/2017\/04\/mulligan.pdf\">early poster<\/a>\u00a0from 2000.<\/p>\n<p>LanCog has since hosted the projects Enciclop\u00e9dia de Termos L\u00f3gico-Filos\u00f3ficos: Nova Edi\u00e7\u00e3o (2002-2005; Martins Fontes, 2006), On Content (2005-2008), Varieties of Truth, Varieties of Realism (with LOGOS, 2010-2011), Contextualism, Relativism and Practical Conflicts and Disagreement (2011-2014) and <a href=\"http:\/\/compendioemlinha.letras.ulisboa.pt\/\" target=\"_blank\" rel=\"noopener\">Online Companion to Problems in Analytic Philosophy<\/a> (2012-2015).<\/p>\n<p>To this day, ECAP 5, the 5th European Congress for Analytic Philosophy (2005), stands out among the great many events organized and supported by the group.<\/p>\n<p>LanCog played a role in the setting up of the <a href=\"http:\/\/www.mest_ciencia_cognitiva.di.fc.ul.pt\/\" target=\"_blank\" rel=\"noopener\">inter-faculty postgraduate programme in Cognitive Science<\/a>. In 1998, the group had mostly organized the conference The Foundations of Cognitive Science at the End of the Century, and also, together with the New University of Lisbon, the 7th Annual Meeting of the European Society for Philosophy and Psychology. In the sequel, talks by H\u00e9lder Coelho, Ant\u00f3nio Branco and the late Frederico Marques at the Seminar Series in Analytic Philosophy in 2003-04 prompted the exchanges between the three and Jo\u00e3o Branquinho that would lead to the creation of the programme in 2007.<\/p>\n<p>In 2015, Jo\u00e3o Branquinho handed the coordination over to Ricardo Santos and Adriana Silva Gra\u00e7a.<\/p>\n<p>The group still meets every Friday at 4 pm for the LanCog Seminar and the Seminar Series, now under the sole leadership of Ricardo Santos since 2016. May he enjoy as much success as his predecessor.<\/p>\n<\/div>\n","protected":false},"excerpt":{"rendered":"<p>Group Coordinator: Ricardo Santos &nbsp; Presentation The main aim of the LanCog Group is to carry out high quality research on central philosophical problems about the nature of language, mind and cognition. Our activity is guided by the standards of analytic philosophy, a tradition whose distinctive traits are the clarity and rigour deployed in formulating [&hellip;]<\/p>\n","protected":false},"author":1,"featured_media":0,"parent":0,"menu_order":0,"comment_status":"closed","ping_status":"closed","template":"","meta":{"footnotes":""},"class_list":["post-10","page","type-page","status-publish","hentry"],"_links":{"self":[{"href":"https:\/\/cful.letras.ulisboa.pt\/lancog\/wp-json\/wp\/v2\/pages\/10","targetHints":{"allow":["GET"]}}],"collection":[{"href":"https:\/\/cful.letras.ulisboa.pt\/lancog\/wp-json\/wp\/v2\/pages"}],"about":[{"href":"https:\/\/cful.letras.ulisboa.pt\/lancog\/wp-json\/wp\/v2\/types\/page"}],"author":[{"embeddable":true,"href":"https:\/\/cful.letras.ulisboa.pt\/lancog\/wp-json\/wp\/v2\/users\/1"}],"replies":[{"embeddable":true,"href":"https:\/\/cful.letras.ulisboa.pt\/lancog\/wp-json\/wp\/v2\/comments?post=10"}],"version-history":[{"count":1,"href":"https:\/\/cful.letras.ulisboa.pt\/lancog\/wp-json\/wp\/v2\/pages\/10\/revisions"}],"predecessor-version":[{"id":1384,"href":"https:\/\/cful.letras.ulisboa.pt\/lancog\/wp-json\/wp\/v2\/pages\/10\/revisions\/1384"}],"wp:attachment":[{"href":"https:\/\/cful.letras.ulisboa.pt\/lancog\/wp-json\/wp\/v2\/media?parent=10"}],"curies":[{"name":"wp","href":"https:\/\/api.w.org\/{rel}","templated":true}]}}